8
Convert -2 (base 13) to base 9.
-2
Convert 251 (base 7) to base 13.
a4
1 (base 7) to base 16
1
What is -2 (base 14) in base 2?
-10
What is -213 (base 5) in base 10?
-58
Convert -1 (base 4) to base 5.
-1
-3122 (base 4) to base 7
-431
88 (base 13) to base 11
a2
What is 28 (base 10) in base 5?
103
Convert -2 (base 12) to base 4.
-2
What is -39 (base 10) in base 3?
-1110
What is -7 (base 16) in base 4?
-13
Convert 13 (base 6) to base 11.
9
What is 50 (base 7) in base 8?
43
What is b (base 14) in base 12?
b
Convert -2 (base 9) to base 12.
-2
Convert 22 (base 9) to base 16.
14
What is -433 (base 6) in base 11?
-140
Convert 5 (base 15) to base 14.
5
Convert -65 (base 7) to base 9.
-52
What is 11c (base 14) in base 10?
222
-14 (base 11) to base 14
-11
What is -10 (base 7) in base 13?
-7
8a (base 16) to base 6
350
Convert 4 (base 14) to base 10.
4
Convert 3 (base 4) to base 16.
3
10 (base 4) to base 12
4
What is -341 (base 6) in base 15?
-8d
What is -65 (base 9) in base 7?
-113
1034 (base 5) to base 14
a4
What is 75 (base 12) in base 11?
81
What is -2201 (base 4) in base 15?
-ab
What is 3d (base 16) in base 3?
2021
5a (base 15) to base 13
67
-6 (base 13) to base 12
-6
Convert 4 (base 5) to base 13.
4
Convert 6 (base 12) to base 13.
6
What is 34 (base 10) in base 2?
100010
Convert dd (base 16) to base 13.
140
What is -52 (base 7) in base 10?
-37
Convert -12 (base 5) to base 7.
-10
Convert 3 (base 16) to base 8.
3
Convert b (base 15) to base 7.
14
Convert -10001 (base 2) to base 15.
-12
What is -105 (base 8) in base 11?
-63
-5 (base 7) to base 11
-5
-1 (base 11) to base 5
-1
What is 22 (base 3) in base 15?
8
-20 (base 4) to base 8
-10
Convert 29 (base 10) to base 16.
1d
What is 110 (base 2) in base 10?
6
Convert 32 (base 4) to base 8.
16
Convert 221 (base 4) to base 10.
41
What is -8 (base 15) in base 7?
-11
What is 54 (base 6) in base 3?
1021
What is -221 (base 3) in base 2?
-11001
Convert 10100 (base 2) to base 13.
17
Convert -113 (base 11) to base 9.
-160
100 (base 6) to base 5
121
-11 (base 4) to base 9
-5
Convert -11 (base 7) to base 3.
-22
Convert 8 (base 11) to base 5.
13
What is 4 (base 10) in base 11?
4
100 (base 2) to base 14
4
Convert -32 (base 12) to base 9.
-42
Convert 2 (base 12) to base 6.
2
Convert 424 (base 9) to base 3.
110211
Convert 0 (base 12) to base 3.
0
-12 (base 3) to base 16
-5
-1222 (base 3) to base 16
-35
Convert 3 (base 16) to base 14.
3
Convert -2 (base 8) to base 3.
-2
Convert 2 (base 8) to base 9.
2
87 (base 9) to base 3
2221
Convert -222 (base 4) to base 3.
-1120
What is a (base 13) in base 11?
a
Convert -12 (base 4) to base 2.
-110
Convert -3 (base 5) to base 16.
-3
-52 (base 7) to base 8
-45
What is 72 (base 15) in base 9?
128
2020 (base 3) to base 2
111100
What is 10 (base 11) in base 14?
b
2122 (base 3) to base 8
107
-2 (base 5) to base 7
-2
What is -5 (base 10) in base 5?
-10
What is 243 (base 10) in base 4?
3303
-43 (base 10) to base 5
-133
What is 1 (base 15) in base 3?
1
Convert 33 (base 7) to base 6.
40
What is -7 (base 13) in base 16?
-7
Convert -12 (base 5) to base 14.
-7
Convert -317 (base 8) to base 4.
-3033
What is b (base 15) in base 14?
b
1001 (base 4) to base 6
145
What is -d (base 14) in base 10?
-13
What is -223 (base 4) in base 5?
-133
-e7 (base 16) to base 9
-276
What is 95 (base 14) in base 12?
ab
What is -46 (base 8) in base 11?
-35
Convert 24 (base 16) to base 3.
1100
What is -11 (base 2) in base 14?
-3
What is -31 (base 5) in base 3?
-121
Convert -4 (base 9) to base 2.
-100
What is -24 (base 8) in base 7?
-26
Convert -11 (base 9) to base 3.
-101
What is -2 (base 11) in base 13?
-2
-110 (base 6) to base 8
-52
Convert 46 (base 9) to base 12.
36
What is -1001011 (base 2) in base 13?
-5a
What is e (base 15) in base 16?
e
-1 (base 9) to base 14
-1
Convert 10 (base 2) to base 12.
2
-40 (base 16) to base 15
-44
Convert -54 (base 9) to base 7.
-100
Convert -21 (base 3) to base 8.
-7
Convert 0 (base 4) to base 9.
0
What is -331 (base 6) in base 15?
-87
Convert -11100111 (base 2) to base 14.
-127
Convert -3 (base 5) to base 15.
-3
Convert 23 (base 5) to base 15.
d
What is 0 (base 3) in base 14?
0
What is -5 (base 13) in base 15?
-5
Convert 0 (base 4) to base 8.
0
Convert 15 (base 7) to base 4.
30
Convert -1 (base 8) to base 6.
-1
110 (base 3) to base 6
20
What is 200 (base 6) in base 2?
1001000
Convert -212 (base 4) to base 12.
-32
What is -7 (base 14) in base 16?
-7
What is 2 (base 8) in base 3?
2
What is -40 (base 13) in base 9?
-57
-234 (base 5) to base 9
-76
What is -3200 (base 4) in base 13?
-143
Convert -3 (base 14) to base 10.
-3
What is -12 (base 5) in base 10?
-7
-158 (base 9) to base 12
-b2
1 (base 10) to base 7
1
What is 10 (base 4) in base 9?
4
1c (base 13) to base 5
100
What is -22 (base 4) in base 5?
-20
-57 (base 10) to base 8
-71
Convert 5a (base 15) to base 4.
1111
1 (base 6) to base 3
1
2 (base 10) to base 8
2
Convert -30 (base 6) to base 11.
-17
What is 6 (base 9) in base 16?
6
Convert 3 (base 4) to base 5.
3
What is 324 (base 6) in base 14?
8c
0 (base 11) to base 14
0
-4f (base 16) to base 4
-1033
Convert -3 (base 12) to base 7.
-3
What is -25 (base 7) in base 16?
-13
-36 (base 10) to base 15
-26
Convert -2 (base 14) to base 13.
-2
Convert -6 (base 16) to base 10.
-6
What is 17 (base 9) in base 7?
22
What is -1 (base 2) in base 15?
-1
What is 5 (base 13) in base 2?
101
Convert -a (base 11) to base 16.
-a
Convert 1b (base 14) to base 7.
34
47 (base 10) to base 5
142
Convert 0 (base 10) to base 14.
0
-d (base 16) to base 15
-d
What is 2 (base 5) in base 9?
2
Convert -a9 (base 13) to base 15.
-94
3 (base 7) to base 16
3
Convert 0 (base 10) to base 9.
0
0 (base 8) to base 6
0
2 (base 11) to base 16
2
Convert -21 (base 7) to base 11.
-14
What is -3 (base 14) in base 2?
-11
Convert 0 (base 11) to base 13.
0
What is 3 (base 8) in base 3?
10
What is -103 (base 11) in base 13?
-97
Convert 1000111 (base 2) to base 6.
155
-1 (base 2) to base 16
-1
What is 137 (base 12) in base 5?
1222
What is -30 (base 7) in base 12?
-19
Convert -1 (base 12) to base 16.
-1
7 (base 13) to base 9
7
What is 123 (base 4) in base 8?
33
What is -27 (base 10) in base 7?
-36
Convert 2 (base 12) to base 16.
2
-6 (base 13) to base 11
-6
Convert -250 (base 6) to base 2.
-1100110
What is -2012 (base 4) in base 8?
-206
2 (base 6) to base 3
2
-3 (base 11) to base 14
-3
Convert 30 (base 10) to base 14.
22
Convert 221 (base 3) to base 11.
23
What is -b (base 13) in base 3?
-102
103 (base 8) to base 9
74
Convert 90 (base 10) to base 2.
1011010
-40 (base 13) to base 4
-310
What is 2 (base 11) in base 14?
2
Convert -9 (base 14) to base 4.
-21
What is -2 (base 10) in base 7?
-2
1 (base 13) to base 16
1
What is 0 (base 8) in base 11?
0
What is 0 (base 7) in base 10?
0
What is -2 (base 8) in base 16?
-2
What is -52 (base 14) in base 6?
-200
What is -3 (base 10) in base 9?
-3
What is 12 (base 7) in base 2?
1001
Convert 3 (base 9) to base 8.
3
What is 26 (base 10) in base 11?
24
130 (base 4) to base 5
103
What is -14 (base 7) in base 13?
-b
Convert 46 (base 8) to base 9.
42
What is d2 (base 15) in base 12?
145
What is 343 (base 5) in base 4?
1202
Convert -1b (base 12) to base 9.
-25
Convert -10a (base 11) to base 14.
-95
-45 (base 11) to base 16
-31
5 (base 8) to base 3
12
100100001 (base 2) to base 14
169
What is -43 (base 5) in base 12?
-1b
Convert 8 (base 13) to base 16.
8
What is 11 (base 5) in base 4?
12
Convert -48 (base 11) to base 8.
-64
What is -2 (base 11) in base 12?
-2
Convert 121 (base 6) to base 4.
301
Convert 19 (base 15) to base 7.
33
Convert 7 (base 12) to base 2.
111
-1 (base 15) to base 2
-1
-3 (base 15) to base 13
-3
-1 (base 2) to base 13
-1
Convert -2 (base 3) to base 10.
-2
2 (base 11) to base 13
2
What is 9 (base 16) in base 13?
9
What is 4 (base 16) in base 15?
4
What is -420 (base 5) in base 2?
-1101110
What is 1 (base 10) in base 6?
1
What is -1 (base 3) in base 12?
-1
1 (base 6) to base 9
1
Convert 1 (base 12) to base 8.
1
Convert -10 (base 4) to base 5.
-4
What is -2 (base 8) in base 9?
-2
-2 (base 8) to base 10
-2
What is 11 (base 5) in base 13?
6
What is -195 (base 10) in base 11?
-168
Convert 123 (base 4) to base 10.
27
Convert -3a (base 12) to base 15.
-31
2 (base 13) to base 9
2
-21 (base 9) to bas